[INFO] cloning repository https://github.com/AKholetsky/asteroids
[INFO] running `Command { std: "git" "-c" "credential.helper=" "-c" "credential.helper=/workspace/cargo-home/bin/git-credential-null" "clone" "--bare" "https://github.com/AKholetsky/asteroids" "/workspace/cache/git-repos/https%3A%2F%2Fgithub.com%2FAKholetsky%2Fasteroids", kill_on_drop: false }`
[INFO] [stderr] Cloning into bare repository '/workspace/cache/git-repos/https%3A%2F%2Fgithub.com%2FAKholetsky%2Fasteroids'...
[INFO] running `Command { std: "git" "rev-parse" "HEAD", kill_on_drop: false }`
[INFO] [stdout] e97b2c320f6e52ef6322e3f7b64c2de8bb9b750e
[INFO] checking AKholetsky/asteroids against try#72f88fc4e9458f89516a0b8b0868f3718aec5b47 for pr-74989
[INFO] running `Command { std: "git" "clone" "/workspace/cache/git-repos/https%3A%2F%2Fgithub.com%2FAKholetsky%2Fasteroids" "/workspace/builds/worker-8/source", kill_on_drop: false }`
[INFO] [stderr] Cloning into '/workspace/builds/worker-8/source'...
[INFO] [stderr] done.
[INFO] validating manifest of git repo https://github.com/AKholetsky/asteroids on toolchain 72f88fc4e9458f89516a0b8b0868f3718aec5b47
[INFO] running `Command { std: "/workspace/cargo-home/bin/cargo" "+72f88fc4e9458f89516a0b8b0868f3718aec5b47" "read-manifest" "--manifest-path" "Cargo.toml", kill_on_drop: false }`
[INFO] started tweaking git repo https://github.com/AKholetsky/asteroids
[INFO] finished tweaking git repo https://github.com/AKholetsky/asteroids
[INFO] tweaked toml for git repo https://github.com/AKholetsky/asteroids written to /workspace/builds/worker-8/source/Cargo.toml
[INFO] crate git repo https://github.com/AKholetsky/asteroids already has a lockfile, it will not be regenerated
[INFO] running `Command { std: "/workspace/cargo-home/bin/cargo" "+72f88fc4e9458f89516a0b8b0868f3718aec5b47" "fetch" "--locked" "--manifest-path" "Cargo.toml", kill_on_drop: false }`
[INFO] [stderr]  Downloading crates ...
[INFO] [stderr]   Downloaded shaderc v0.6.1
[INFO] [stderr]   Downloaded gfx-backend-dx12 v0.4.1
[INFO] [stderr]   Downloaded syn v1.0.8
[INFO] [stderr]   Downloaded wasm-bindgen-backend v0.2.54
[INFO] [stderr]   Downloaded js-sys v0.3.31
[INFO] [stderr]   Downloaded wasm-bindgen-shared v0.2.54
[INFO] [stderr]   Downloaded wasm-bindgen v0.2.54
[INFO] [stderr]   Downloaded raw-window-handle v0.3.1
[INFO] [stderr]   Downloaded spirv_cross v0.16.0
[INFO] [stderr]   Downloaded wasm-bindgen-macro-support v0.2.54
[INFO] [stderr]   Downloaded shaderc-sys v0.6.1
[INFO] [stderr]   Downloaded num-traits v0.2.9
[INFO] [stderr]   Downloaded wasm-bindgen-macro v0.2.54
[INFO] [stderr]   Downloaded d3d12 v0.3.0
[INFO] [stderr]   Downloaded gfx-auxil v0.1.0
[INFO] [stderr]   Downloaded gfx-hal v0.4.1
[INFO] [stderr]   Downloaded winit v0.20.0-alpha4
[INFO] running `Command { std: "docker" "create" "-v" "/var/lib/crater-agent-workspace/builds/worker-8/target:/opt/rustwide/target:rw,Z" "-v" "/var/lib/crater-agent-workspace/builds/worker-8/source:/opt/rustwide/workdir:ro,Z" "-v" "/var/lib/crater-agent-workspace/cargo-home:/opt/rustwide/cargo-home:ro,Z" "-v" "/var/lib/crater-agent-workspace/rustup-home:/opt/rustwide/rustup-home:ro,Z" "-e" "SOURCE_DIR=/opt/rustwide/workdir" "-e" "CARGO_TARGET_DIR=/opt/rustwide/target" "-e" "CARGO_HOME=/opt/rustwide/cargo-home" "-e" "RUSTUP_HOME=/opt/rustwide/rustup-home" "-w" "/opt/rustwide/workdir" "-m" "1610612736" "--user" "0:0" "--network" "none" "rustops/crates-build-env@sha256:d92eaeed33fa75130ca1ee6c8a01d1ffb62bac859dfdfb3450e3e5d1c0146529" "/opt/rustwide/cargo-home/bin/cargo" "+72f88fc4e9458f89516a0b8b0868f3718aec5b47" "metadata" "--no-deps" "--format-version=1", kill_on_drop: false }`
[INFO] [stderr] WARNING: Your kernel does not support swap limit capabilities or the cgroup is not mounted. Memory limited without swap.
[INFO] [stdout] caa090379c03dae42dcb0d678c9fdd9be7fb5a124f4f5ce23b7dc57f5ac55891
[INFO] running `Command { std: "docker" "start" "-a" "caa090379c03dae42dcb0d678c9fdd9be7fb5a124f4f5ce23b7dc57f5ac55891", kill_on_drop: false }`
[INFO] running `Command { std: "docker" "inspect" "caa090379c03dae42dcb0d678c9fdd9be7fb5a124f4f5ce23b7dc57f5ac55891", kill_on_drop: false }`
[INFO] running `Command { std: "docker" "rm" "-f" "caa090379c03dae42dcb0d678c9fdd9be7fb5a124f4f5ce23b7dc57f5ac55891", kill_on_drop: false }`
[INFO] [stdout] caa090379c03dae42dcb0d678c9fdd9be7fb5a124f4f5ce23b7dc57f5ac55891
[INFO] running `Command { std: "docker" "create" "-v" "/var/lib/crater-agent-workspace/builds/worker-8/target:/opt/rustwide/target:rw,Z" "-v" "/var/lib/crater-agent-workspace/builds/worker-8/source:/opt/rustwide/workdir:ro,Z" "-v" "/var/lib/crater-agent-workspace/cargo-home:/opt/rustwide/cargo-home:ro,Z" "-v" "/var/lib/crater-agent-workspace/rustup-home:/opt/rustwide/rustup-home:ro,Z" "-e" "SOURCE_DIR=/opt/rustwide/workdir" "-e" "CARGO_TARGET_DIR=/opt/rustwide/target" "-e" "CARGO_INCREMENTAL=0" "-e" "RUST_BACKTRACE=full" "-e" "RUSTFLAGS=--cap-lints=forbid" "-e" "CARGO_HOME=/opt/rustwide/cargo-home" "-e" "RUSTUP_HOME=/opt/rustwide/rustup-home" "-w" "/opt/rustwide/workdir" "-m" "1610612736" "--user" "0:0" "--network" "none" "rustops/crates-build-env@sha256:d92eaeed33fa75130ca1ee6c8a01d1ffb62bac859dfdfb3450e3e5d1c0146529" "/opt/rustwide/cargo-home/bin/cargo" "+72f88fc4e9458f89516a0b8b0868f3718aec5b47" "check" "--frozen" "--all" "--all-targets" "--message-format=json", kill_on_drop: false }`
[INFO] [stderr] WARNING: Your kernel does not support swap limit capabilities or the cgroup is not mounted. Memory limited without swap.
[INFO] [stdout] ed49038130e3ef3d2cbc1ce92699720650e98e27d0e963b865c3c4174f96ebe7
[INFO] running `Command { std: "docker" "start" "-a" "ed49038130e3ef3d2cbc1ce92699720650e98e27d0e963b865c3c4174f96ebe7", kill_on_drop: false }`
[INFO] [stderr]    Compiling libc v0.2.65
[INFO] [stderr]    Compiling cc v1.0.47
[INFO] [stderr]    Compiling bitflags v1.2.1
[INFO] [stderr]     Checking cfg-if v0.1.10
[INFO] [stderr]    Compiling autocfg v0.1.7
[INFO] [stderr]    Compiling maybe-uninit v2.0.0
[INFO] [stderr]    Compiling xml-rs v0.8.0
[INFO] [stderr]     Checking lazy_static v1.4.0
[INFO] [stderr]     Checking slab v0.4.2
[INFO] [stderr]     Checking lazycell v1.2.1
[INFO] [stderr]     Checking arrayvec v0.5.1
[INFO] [stderr]    Compiling winapi v0.3.8
[INFO] [stderr]    Compiling pkg-config v0.3.17
[INFO] [stderr]     Checking same-file v1.0.5
[INFO] [stderr]     Checking instant v0.1.2
[INFO] [stderr]     Checking percent-encoding v2.1.0
[INFO] [stderr]     Checking range-alloc v0.1.0
[INFO] [stderr]     Checking lock_api v0.3.1
[INFO] [stderr]     Checking walkdir v2.2.9
[INFO] [stderr]    Compiling proc-macro2 v0.4.30
[INFO] [stderr]     Checking log v0.4.8
[INFO] [stderr]     Checking stb_truetype v0.3.0
[INFO] [stderr]     Checking fxhash v0.2.1
[INFO] [stderr]     Checking smallvec v0.6.13
[INFO] [stderr]    Compiling x11-dl v2.18.4
[INFO] [stderr]    Compiling num-traits v0.2.9
[INFO] [stderr]    Compiling cmake v0.1.42
[INFO] [stderr]    Compiling quote v0.6.13
[INFO] [stderr]    Compiling wayland-scanner v0.23.6
[INFO] [stderr]    Compiling libloading v0.5.2
[INFO] [stderr]    Compiling spirv_cross v0.16.0
[INFO] [stderr]    Compiling shaderc-sys v0.6.1
[INFO] [stderr]     Checking net2 v0.2.33
[INFO] [stderr]     Checking iovec v0.1.4
[INFO] [stderr]     Checking nix v0.14.1
[INFO] [stderr]     Checking raw-window-handle v0.3.1
[INFO] [stderr]     Checking parking_lot_core v0.6.2
[INFO] [stderr]     Checking memmap v0.7.0
[INFO] [stderr]     Checking gfx-hal v0.4.1
[INFO] [stderr]     Checking mio v0.6.19
[INFO] [stderr]     Checking parking_lot v0.9.0
[INFO] [stderr]     Checking dlib v0.4.1
[INFO] [stderr]     Checking d3d12 v0.3.0
[INFO] [stdout] error[E0432]: unresolved import `winapi::shared`
[INFO] [stdout]  --> /opt/rustwide/cargo-home/registry/src/github.com-1ecc6299db9ec823/d3d12-0.3.0/src/lib.rs:6:13
[INFO] [stdout]   |
[INFO] [stdout] 6 | use winapi::shared::dxgiformat;
[INFO] [stdout]   |             ^^^^^^ could not find `shared` in `winapi`
[INFO] [stdout] 
[INFO] [stdout] 
[INFO] [stdout] error[E0432]: unresolved import `winapi::um`
[INFO] [stdout]  --> /opt/rustwide/cargo-home/registry/src/github.com-1ecc6299db9ec823/d3d12-0.3.0/src/lib.rs:7:13
[INFO] [stdout]   |
[INFO] [stdout] 7 | use winapi::um::{d3d12, d3dcommon};
[INFO] [stdout]   |             ^^ could not find `um` in `winapi`
[INFO] [stdout] 
[INFO] [stdout] 
[INFO] [stdout] error[E0433]: failed to resolve: could not find `um` in `winapi`
[INFO] [stdout]  --> /opt/rustwide/cargo-home/registry/src/github.com-1ecc6299db9ec823/d3d12-0.3.0/src/com.rs:6:13
[INFO] [stdout]   |
[INFO] [stdout] 6 | use winapi::um::unknwnbase::IUnknown;
[INFO] [stdout]   |             ^^ could not find `um` in `winapi`
[INFO] [stdout] 
[INFO] [stdout] 
[INFO] [stdout] error[E0432]: unresolved import `winapi::ctypes`
[INFO] [stdout]  --> /opt/rustwide/cargo-home/registry/src/github.com-1ecc6299db9ec823/d3d12-0.3.0/src/com.rs:5:13
[INFO] [stdout]   |
[INFO] [stdout] 5 | use winapi::ctypes::c_void;
[INFO] [stdout]   |             ^^^^^^ could not find `ctypes` in `winapi`
[INFO] [stdout] 
[INFO] [stdout] 
[INFO] [stdout] error[E0432]: unresolved import `winapi::Interface`
[INFO] [stdout]  --> /opt/rustwide/cargo-home/registry/src/github.com-1ecc6299db9ec823/d3d12-0.3.0/src/com.rs:7:5
[INFO] [stdout]   |
[INFO] [stdout] 7 | use winapi::Interface;
[INFO] [stdout]   |     ^^^^^^^^^^^^^^^^^ no `Interface` in the root
[INFO] [stdout] 
[INFO] [stdout] 
[INFO] [stdout] error[E0432]: unresolved import `winapi::um`
[INFO] [stdout]  --> /opt/rustwide/cargo-home/registry/src/github.com-1ecc6299db9ec823/d3d12-0.3.0/src/command_allocator.rs:4:13
[INFO] [stdout]   |
[INFO] [stdout] 4 | use winapi::um::d3d12;
[INFO] [stdout]   |             ^^ could not find `um` in `winapi`
[INFO] [stdout] 
[INFO] [stdout] 
[INFO] [stdout] error[E0432]: unresolved import `winapi::um`
[INFO] [stdout]  --> /opt/rustwide/cargo-home/registry/src/github.com-1ecc6299db9ec823/d3d12-0.3.0/src/command_list.rs:6:13
[INFO] [stdout]   |
[INFO] [stdout] 6 | use winapi::um::d3d12;
[INFO] [stdout]   |             ^^ could not find `um` in `winapi`
[INFO] [stdout] 
[INFO] [stdout] 
[INFO] [stdout] error[E0432]: unresolved import `winapi::Interface`
[INFO] [stdout]  --> /opt/rustwide/cargo-home/registry/src/github.com-1ecc6299db9ec823/d3d12-0.3.0/src/debug.rs:3:5
[INFO] [stdout]   |
[INFO] [stdout] 3 | use winapi::Interface as _;
[INFO] [stdout]   |     ^^^^^^^^^^^^^^^^^^^^^^ no `Interface` in the root
[INFO] [stdout] 
[INFO] [stdout] 
[INFO] [stdout] error[E0432]: unresolved import `winapi::um`
[INFO] [stdout]  --> /opt/rustwide/cargo-home/registry/src/github.com-1ecc6299db9ec823/d3d12-0.3.0/src/debug.rs:4:13
[INFO] [stdout]   |
[INFO] [stdout] 4 | use winapi::um::d3d12sdklayers;
[INFO] [stdout]   |             ^^ could not find `um` in `winapi`
[INFO] [stdout] 
[INFO] [stdout] 
[INFO] [stdout] error[E0432]: unresolved import `winapi::shared`
[INFO] [stdout]  --> /opt/rustwide/cargo-home/registry/src/github.com-1ecc6299db9ec823/d3d12-0.3.0/src/descriptor.rs:4:13
[INFO] [stdout]   |
[INFO] [stdout] 4 | use winapi::shared::dxgiformat;
[INFO] [stdout]   |             ^^^^^^ could not find `shared` in `winapi`
[INFO] [stdout] 
[INFO] [stdout] 
[INFO] [stdout] error[E0433]: failed to resolve: could not find `um` in `winapi`
[INFO] [stdout]    --> /opt/rustwide/cargo-home/registry/src/github.com-1ecc6299db9ec823/d3d12-0.3.0/src/descriptor.rs:215:21
[INFO] [stdout]     |
[INFO] [stdout] 215 |         use winapi::um::d3dcommon::ID3DBlob;
[INFO] [stdout]     |                     ^^ could not find `um` in `winapi`
[INFO] [stdout] 
[INFO] [stdout] 
[INFO] [stdout] error[E0432]: unresolved import `winapi::um`
[INFO] [stdout]  --> /opt/rustwide/cargo-home/registry/src/github.com-1ecc6299db9ec823/d3d12-0.3.0/src/descriptor.rs:5:13
[INFO] [stdout]   |
[INFO] [stdout] 5 | use winapi::um::d3d12;
[INFO] [stdout]   |             ^^ could not find `um` in `winapi`
[INFO] [stdout] 
[INFO] [stdout] 
[INFO] [stdout] error[E0432]: unresolved import `winapi::um`
[INFO] [stdout]  --> /opt/rustwide/cargo-home/registry/src/github.com-1ecc6299db9ec823/d3d12-0.3.0/src/device.rs:8:13
[INFO] [stdout]   |
[INFO] [stdout] 8 | use winapi::um::d3d12;
[INFO] [stdout]   |             ^^ could not find `um` in `winapi`
[INFO] [stdout] 
[INFO] [stdout] 
[INFO] [stdout] error[E0433]: failed to resolve: could not find `shared` in `winapi`
[INFO] [stdout]  --> /opt/rustwide/cargo-home/registry/src/github.com-1ecc6299db9ec823/d3d12-0.3.0/src/dxgi.rs:3:13
[INFO] [stdout]   |
[INFO] [stdout] 3 | use winapi::shared::windef::HWND;
[INFO] [stdout]   |             ^^^^^^ could not find `shared` in `winapi`
[INFO] [stdout] 
[INFO] [stdout] 
[INFO] [stdout] error[E0432]: unresolved import `winapi::Interface`
[INFO] [stdout]  --> /opt/rustwide/cargo-home/registry/src/github.com-1ecc6299db9ec823/d3d12-0.3.0/src/device.rs:9:5
[INFO] [stdout]   |
[INFO] [stdout] 9 | use winapi::Interface;
[INFO] [stdout]   |     ^^^^^^^^^^^^^^^^^ no `Interface` in the root
[INFO] [stdout] 
[INFO] [stdout] 
[INFO] [stdout] error[E0432]: unresolved import `winapi::shared`
[INFO] [stdout]  --> /opt/rustwide/cargo-home/registry/src/github.com-1ecc6299db9ec823/d3d12-0.3.0/src/dxgi.rs:4:13
[INFO] [stdout]   |
[INFO] [stdout] 4 | use winapi::shared::{dxgi, dxgi1_2, dxgi1_3, dxgi1_4, dxgiformat, dxgitype};
[INFO] [stdout]   |             ^^^^^^ could not find `shared` in `winapi`
[INFO] [stdout] 
[INFO] [stdout] 
[INFO] [stdout] error[E0432]: unresolved import `winapi::um`
[INFO] [stdout]  --> /opt/rustwide/cargo-home/registry/src/github.com-1ecc6299db9ec823/d3d12-0.3.0/src/dxgi.rs:5:13
[INFO] [stdout]   |
[INFO] [stdout] 5 | use winapi::um::{dxgidebug, d3d12};
[INFO] [stdout]   |             ^^ could not find `um` in `winapi`
[INFO] [stdout] 
[INFO] [stdout] 
[INFO] [stdout] error[E0432]: unresolved import `winapi::Interface`
[INFO] [stdout]  --> /opt/rustwide/cargo-home/registry/src/github.com-1ecc6299db9ec823/d3d12-0.3.0/src/dxgi.rs:6:5
[INFO] [stdout]   |
[INFO] [stdout] 6 | use winapi::Interface;
[INFO] [stdout]   |     ^^^^^^^^^^^^^^^^^ no `Interface` in the root
[INFO] [stdout] 
[INFO] [stdout] 
[INFO] [stdout] error[E0432]: unresolved import `winapi::um`
[INFO] [stdout]  --> /opt/rustwide/cargo-home/registry/src/github.com-1ecc6299db9ec823/d3d12-0.3.0/src/heap.rs:2:13
[INFO] [stdout]   |
[INFO] [stdout] 2 | use winapi::um::d3d12;
[INFO] [stdout]   |             ^^ could not find `um` in `winapi`
[INFO] [stdout] 
[INFO] [stdout] 
[INFO] [stdout] error[E0432]: unresolved import `winapi::um`
[INFO] [stdout]  --> /opt/rustwide/cargo-home/registry/src/github.com-1ecc6299db9ec823/d3d12-0.3.0/src/pso.rs:6:13
[INFO] [stdout]   |
[INFO] [stdout] 6 | use winapi::um::{d3d12, d3dcompiler};
[INFO] [stdout]   |             ^^ could not find `um` in `winapi`
[INFO] [stdout] 
[INFO] [stdout] 
[INFO] [stdout] error[E0432]: unresolved import `winapi::um`
[INFO] [stdout]  --> /opt/rustwide/cargo-home/registry/src/github.com-1ecc6299db9ec823/d3d12-0.3.0/src/query.rs:2:13
[INFO] [stdout]   |
[INFO] [stdout] 2 | use winapi::um::d3d12;
[INFO] [stdout]   |             ^^ could not find `um` in `winapi`
[INFO] [stdout] 
[INFO] [stdout] 
[INFO] [stdout] error[E0432]: unresolved import `winapi::um`
[INFO] [stdout]  --> /opt/rustwide/cargo-home/registry/src/github.com-1ecc6299db9ec823/d3d12-0.3.0/src/queue.rs:4:13
[INFO] [stdout]   |
[INFO] [stdout] 4 | use winapi::um::d3d12;
[INFO] [stdout]   |             ^^ could not find `um` in `winapi`
[INFO] [stdout] 
[INFO] [stdout] 
[INFO] [stdout] error[E0432]: unresolved import `winapi::um`
[INFO] [stdout]  --> /opt/rustwide/cargo-home/registry/src/github.com-1ecc6299db9ec823/d3d12-0.3.0/src/resource.rs:6:13
[INFO] [stdout]   |
[INFO] [stdout] 6 | use winapi::um::d3d12;
[INFO] [stdout]   |             ^^ could not find `um` in `winapi`
[INFO] [stdout] 
[INFO] [stdout] 
[INFO] [stdout] error[E0432]: unresolved import `winapi::um`
[INFO] [stdout]  --> /opt/rustwide/cargo-home/registry/src/github.com-1ecc6299db9ec823/d3d12-0.3.0/src/sync.rs:3:13
[INFO] [stdout]   |
[INFO] [stdout] 3 | use winapi::um::d3d12;
[INFO] [stdout]   |             ^^ could not find `um` in `winapi`
[INFO] [stdout] 
[INFO] [stdout] 
[INFO] [stdout] error[E0433]: failed to resolve: could not find `shared` in `winapi`
[INFO] [stdout]   --> /opt/rustwide/cargo-home/registry/src/github.com-1ecc6299db9ec823/d3d12-0.3.0/src/lib.rs:37:17
[INFO] [stdout]    |
[INFO] [stdout] 37 | pub use winapi::shared::winerror::HRESULT;
[INFO] [stdout]    |                 ^^^^^^ could not find `shared` in `winapi`
[INFO] [stdout] 
[INFO] [stdout] 
[INFO] [stdout] error[E0432]: unresolved import `winapi::um`
[INFO] [stdout]  --> /opt/rustwide/cargo-home/registry/src/github.com-1ecc6299db9ec823/d3d12-0.3.0/src/sync.rs:4:13
[INFO] [stdout]   |
[INFO] [stdout] 4 | use winapi::um::{synchapi, winnt};
[INFO] [stdout]   |             ^^ could not find `um` in `winapi`
[INFO] [stdout] 
[INFO] [stdout] 
[INFO] [stdout] error[E0432]: unresolved import `HRESULT`
[INFO] [stdout]   --> /opt/rustwide/cargo-home/registry/src/github.com-1ecc6299db9ec823/d3d12-0.3.0/src/command_list.rs:10:21
[INFO] [stdout]    |
[INFO] [stdout] 10 |     WorkGroupCount, HRESULT,
[INFO] [stdout]    |                     ^^^^^^^ no `HRESULT` in the root
[INFO] [stdout] 
[INFO] [stdout] 
[INFO] [stdout] error[E0432]: unresolved import `HRESULT`
[INFO] [stdout]  --> /opt/rustwide/cargo-home/registry/src/github.com-1ecc6299db9ec823/d3d12-0.3.0/src/dxgi.rs:7:53
[INFO] [stdout]   |
[INFO] [stdout] 7 | use {CommandQueue, D3DResult, Resource, SampleDesc, HRESULT};
[INFO] [stdout]   |                                                     ^^^^^^^ no `HRESULT` in the root
[INFO] [stdout] 
[INFO] [stdout] 
[INFO] [stdout] error[E0432]: unresolved import `HRESULT`
[INFO] [stdout]  --> /opt/rustwide/cargo-home/registry/src/github.com-1ecc6299db9ec823/d3d12-0.3.0/src/queue.rs:5:5
[INFO] [stdout]   |
[INFO] [stdout] 5 | use HRESULT;
[INFO] [stdout]   |     ^^^^^^^ no `HRESULT` in the root
[INFO] [stdout] 
[INFO] [stdout] 
[INFO] [stdout] error[E0432]: unresolved import `HRESULT`
[INFO] [stdout]  --> /opt/rustwide/cargo-home/registry/src/github.com-1ecc6299db9ec823/d3d12-0.3.0/src/sync.rs:5:5
[INFO] [stdout]   |
[INFO] [stdout] 5 | use HRESULT;
[INFO] [stdout]   |     ^^^^^^^ no `HRESULT` in the root
[INFO] [stdout] 
[INFO] [stdout] 
[INFO] [stdout] error[E0433]: failed to resolve: could not find `shared` in `winapi`
[INFO] [stdout]   --> /opt/rustwide/cargo-home/registry/src/github.com-1ecc6299db9ec823/d3d12-0.3.0/src/debug.rs:12:21
[INFO] [stdout]    |
[INFO] [stdout] 12 |             winapi::shared::guiddef::REFIID,
[INFO] [stdout]    |                     ^^^^^^ could not find `shared` in `winapi`
[INFO] [stdout] 
[INFO] [stdout] 
[INFO] [stdout] error[E0433]: failed to resolve: could not find `ctypes` in `winapi`
[INFO] [stdout]   --> /opt/rustwide/cargo-home/registry/src/github.com-1ecc6299db9ec823/d3d12-0.3.0/src/debug.rs:13:31
[INFO] [stdout]    |
[INFO] [stdout] 13 |             *mut *mut winapi::ctypes::c_void,
[INFO] [stdout]    |                               ^^^^^^ could not find `ctypes` in `winapi`
[INFO] [stdout] 
[INFO] [stdout] 
[INFO] [stdout] error[E0433]: failed to resolve: could not find `um` in `winapi`
[INFO] [stdout]   --> /opt/rustwide/cargo-home/registry/src/github.com-1ecc6299db9ec823/d3d12-0.3.0/src/device.rs:27:26
[INFO] [stdout]    |
[INFO] [stdout] 27 |             *mut winapi::um::unknwnbase::IUnknown,
[INFO] [stdout]    |                          ^^ could not find `um` in `winapi`
[INFO] [stdout] 
[INFO] [stdout] 
[INFO] [stderr]     Checking wayland-sys v0.23.6
[INFO] [stdout] error[E0433]: failed to resolve: could not find `um` in `winapi`
[INFO] [stdout]   --> /opt/rustwide/cargo-home/registry/src/github.com-1ecc6299db9ec823/d3d12-0.3.0/src/device.rs:28:21
[INFO] [stdout]    |
[INFO] [stdout] 28 |             winapi::um::d3dcommon::D3D_FEATURE_LEVEL,
[INFO] [stdout]    |                     ^^ could not find `um` in `winapi`
[INFO] [stdout] 
[INFO] [stdout] 
[INFO] [stdout] error[E0433]: failed to resolve: could not find `shared` in `winapi`
[INFO] [stdout]   --> /opt/rustwide/cargo-home/registry/src/github.com-1ecc6299db9ec823/d3d12-0.3.0/src/device.rs:29:21
[INFO] [stdout]    |
[INFO] [stdout] 29 |             winapi::shared::guiddef::REFGUID,
[INFO] [stdout]    |                     ^^^^^^ could not find `shared` in `winapi`
[INFO] [stdout] 
[INFO] [stdout] 
[INFO] [stdout] error[E0433]: failed to resolve: could not find `ctypes` in `winapi`
[INFO] [stdout]   --> /opt/rustwide/cargo-home/registry/src/github.com-1ecc6299db9ec823/d3d12-0.3.0/src/device.rs:30:32
[INFO] [stdout]    |
[INFO] [stdout] 30 |             *mut *mut  winapi::ctypes::c_void,
[INFO] [stdout]    |                                ^^^^^^ could not find `ctypes` in `winapi`
[INFO] [stdout] 
[INFO] [stdout] 
[INFO] [stdout] error[E0433]: failed to resolve: could not find `shared` in `winapi`
[INFO] [stdout]   --> /opt/rustwide/cargo-home/registry/src/github.com-1ecc6299db9ec823/d3d12-0.3.0/src/dxgi.rs:69:21
[INFO] [stdout]    |
[INFO] [stdout] 69 |             winapi::shared::minwindef::UINT,
[INFO] [stdout]    |                     ^^^^^^ could not find `shared` in `winapi`
[INFO] [stdout] 
[INFO] [stdout] 
[INFO] [stdout] error[E0433]: failed to resolve: could not find `shared` in `winapi`
[INFO] [stdout]   --> /opt/rustwide/cargo-home/registry/src/github.com-1ecc6299db9ec823/d3d12-0.3.0/src/dxgi.rs:70:21
[INFO] [stdout]    |
[INFO] [stdout] 70 |             winapi::shared::guiddef::REFIID,
[INFO] [stdout]    |                     ^^^^^^ could not find `shared` in `winapi`
[INFO] [stdout] 
[INFO] [stdout] 
[INFO] [stdout] error[E0433]: failed to resolve: could not find `ctypes` in `winapi`
[INFO] [stdout]   --> /opt/rustwide/cargo-home/registry/src/github.com-1ecc6299db9ec823/d3d12-0.3.0/src/dxgi.rs:71:31
[INFO] [stdout]    |
[INFO] [stdout] 71 |             *mut *mut winapi::ctypes::c_void,
[INFO] [stdout]    |                               ^^^^^^ could not find `ctypes` in `winapi`
[INFO] [stdout] 
[INFO] [stdout] 
[INFO] [stdout] error[E0433]: failed to resolve: could not find `shared` in `winapi`
[INFO] [stdout]   --> /opt/rustwide/cargo-home/registry/src/github.com-1ecc6299db9ec823/d3d12-0.3.0/src/dxgi.rs:89:21
[INFO] [stdout]    |
[INFO] [stdout] 89 |             winapi::shared::minwindef::UINT,
[INFO] [stdout]    |                     ^^^^^^ could not find `shared` in `winapi`
[INFO] [stdout] 
[INFO] [stdout] 
[INFO] [stdout] error[E0433]: failed to resolve: could not find `shared` in `winapi`
[INFO] [stdout]   --> /opt/rustwide/cargo-home/registry/src/github.com-1ecc6299db9ec823/d3d12-0.3.0/src/dxgi.rs:90:21
[INFO] [stdout]    |
[INFO] [stdout] 90 |             winapi::shared::guiddef::REFIID,
[INFO] [stdout]    |                     ^^^^^^ could not find `shared` in `winapi`
[INFO] [stdout] 
[INFO] [stdout] 
[INFO] [stdout] error[E0433]: failed to resolve: could not find `ctypes` in `winapi`
[INFO] [stdout]   --> /opt/rustwide/cargo-home/registry/src/github.com-1ecc6299db9ec823/d3d12-0.3.0/src/dxgi.rs:91:31
[INFO] [stdout]    |
[INFO] [stdout] 91 |             *mut *mut winapi::ctypes::c_void,
[INFO] [stdout]    |                               ^^^^^^ could not find `ctypes` in `winapi`
[INFO] [stdout] 
[INFO] [stdout] 
[INFO] [stdout] error[E0412]: cannot find type `IUnknown` in this scope
[INFO] [stdout]   --> /opt/rustwide/cargo-home/registry/src/github.com-1ecc6299db9ec823/d3d12-0.3.0/src/com.rs:40:41
[INFO] [stdout]    |
[INFO] [stdout] 40 |     pub unsafe fn as_unknown(&self) -> &IUnknown {
[INFO] [stdout]    |                                         ^^^^^^^^ not found in this scope
[INFO] [stdout] 
[INFO] [stdout] 
[INFO] [stdout] error[E0412]: cannot find type `IUnknown` in this scope
[INFO] [stdout]   --> /opt/rustwide/cargo-home/registry/src/github.com-1ecc6299db9ec823/d3d12-0.3.0/src/com.rs:42:27
[INFO] [stdout]    |
[INFO] [stdout] 42 |         &*(self.0 as *mut IUnknown)
[INFO] [stdout]    |                           ^^^^^^^^ not found in this scope
[INFO] [stdout] 
[INFO] [stdout] 
[INFO] [stdout] error[E0412]: cannot find type `HRESULT` in module `crate`
[INFO] [stdout]   --> /opt/rustwide/cargo-home/registry/src/github.com-1ecc6299db9ec823/d3d12-0.3.0/src/debug.rs:14:21
[INFO] [stdout]    |
[INFO] [stdout] 14 |         ) -> crate::HRESULT;
[INFO] [stdout]    |                     ^^^^^^^ not found in `crate`
[INFO] [stdout] 
[INFO] [stdout] 
[INFO] [stdout] error[E0412]: cannot find type `ID3DBlob` in this scope
[INFO] [stdout]    --> /opt/rustwide/cargo-home/registry/src/github.com-1ecc6299db9ec823/d3d12-0.3.0/src/descriptor.rs:219:23
[INFO] [stdout]     |
[INFO] [stdout] 219 |             *mut *mut ID3DBlob,
[INFO] [stdout]     |                       ^^^^^^^^ not found in this scope
[INFO] [stdout] 
[INFO] [stdout] 
[INFO] [stdout] error[E0412]: cannot find type `ID3DBlob` in this scope
[INFO] [stdout]    --> /opt/rustwide/cargo-home/registry/src/github.com-1ecc6299db9ec823/d3d12-0.3.0/src/descriptor.rs:220:23
[INFO] [stdout]     |
[INFO] [stdout] 220 |             *mut *mut ID3DBlob,
[INFO] [stdout]     |                       ^^^^^^^^ not found in this scope
[INFO] [stdout] 
[INFO] [stdout] 
[INFO] [stdout] error[E0412]: cannot find type `HRESULT` in module `crate`
[INFO] [stdout]    --> /opt/rustwide/cargo-home/registry/src/github.com-1ecc6299db9ec823/d3d12-0.3.0/src/descriptor.rs:221:21
[INFO] [stdout]     |
[INFO] [stdout] 221 |         ) -> crate::HRESULT;
[INFO] [stdout]     |                     ^^^^^^^ not found in `crate`
[INFO] [stdout] 
[INFO] [stdout] 
[INFO] [stdout] error[E0412]: cannot find type `HRESULT` in module `crate`
[INFO] [stdout]   --> /opt/rustwide/cargo-home/registry/src/github.com-1ecc6299db9ec823/d3d12-0.3.0/src/device.rs:31:21
[INFO] [stdout]    |
[INFO] [stdout] 31 |         ) -> crate::HRESULT;
[INFO] [stdout]    |                     ^^^^^^^ not found in `crate`
[INFO] [stdout] 
[INFO] [stdout] 
[INFO] [stdout] error[E0412]: cannot find type `HWND` in this scope
[INFO] [stdout]    --> /opt/rustwide/cargo-home/registry/src/github.com-1ecc6299db9ec823/d3d12-0.3.0/src/dxgi.rs:127:15
[INFO] [stdout]     |
[INFO] [stdout] 127 |         hwnd: HWND,
[INFO] [stdout]     |               ^^^^ not found in this scope
[INFO] [stdout] 
[INFO] [stdout] 
[INFO] [stdout] error[E0412]: cannot find type `HRESULT` in this scope
[INFO] [stdout]   --> /opt/rustwide/cargo-home/registry/src/github.com-1ecc6299db9ec823/d3d12-0.3.0/src/lib.rs:39:29
[INFO] [stdout]    |
[INFO] [stdout] 39 | pub type D3DResult<T> = (T, HRESULT);
[INFO] [stdout]    |                             ^^^^^^^ not found in this scope
[INFO] [stdout] 
[INFO] [stdout] 
[INFO] [stdout] error: aborting due to 51 previous errors
[INFO] [stdout] 
[INFO] [stdout] 
[INFO] [stdout] Some errors have detailed explanations: E0412, E0432, E0433.
[INFO] [stdout] 
[INFO] [stdout] For more information about an error, try `rustc --explain E0412`.
[INFO] [stdout] 
[INFO] [stderr] error: could not compile `d3d12`.
[INFO] [stderr] 
[INFO] [stderr] To learn more, run the command again with --verbose.
[INFO] [stderr] warning: build failed, waiting for other jobs to finish...
[INFO] [stderr] The following warnings were emitted during compilation:
[INFO] [stderr] 
[INFO] [stderr] warning: src/wrapper.cpp:2: warning: ignoring #pragma warning  [-Wunknown-pragmas]
[INFO] [stderr] warning:     2 | #pragma warning(disable : 4996 4101)
[INFO] [stderr] warning:       | 
[INFO] [stderr] warning: c++: fatal error: Killed signal terminated program cc1plus
[INFO] [stderr] warning: compilation terminated.
[INFO] [stderr] 
[INFO] [stderr] The following warnings were emitted during compilation:
[INFO] [stderr] 
[INFO] [stderr] warning: Checking for system installed libraries.  Use --features = build-from-source to disable this behavior
[INFO] [stderr] warning: System installed library not found.  Falling back to build from source
[INFO] [stderr] 
[INFO] [stderr] error: build failed
[INFO] running `Command { std: "docker" "inspect" "ed49038130e3ef3d2cbc1ce92699720650e98e27d0e963b865c3c4174f96ebe7", kill_on_drop: false }`
[INFO] running `Command { std: "docker" "rm" "-f" "ed49038130e3ef3d2cbc1ce92699720650e98e27d0e963b865c3c4174f96ebe7", kill_on_drop: false }`
[INFO] [stdout] ed49038130e3ef3d2cbc1ce92699720650e98e27d0e963b865c3c4174f96ebe7
